).
6
Let n(p) = 2*p - 23. Suppose 2*a = 21*a - 12198. Let c = 658 - a. What is n(c)?
9
Suppose -3*c + 27 = 5*i, 4*c - 19 = -4*i - c. Let r(y) be the third derivative of -1/4*y**4 + 7/60*y**5 - 10 - 5/6*y**3 - 1/120*y**6 + 0*y - 3*y**2. Give r(i).
-5
Let a(s) = s - 6. Let v = -20 + 22. Suppose -2*g - v - 8 = -5*d, 0 = 4*d - 16. Suppose -4*m + 34 = -2*m + g*l, -l + 39 = 5*m. Calculate a(m).
1
Let u(o) = 6 - 4 + 50*o + 10 - 51*o. Give u(-7).
19
Let t(l) = 29 + 10*l - 29*l**2 - l**3 - 39 + 20*l**2 + 15*l**2. Give t(6).
50
Let j(y) = y**3 - 9*y**2 + 8*y + 6. Let q = -347 + 370. Suppose -q*f = -22*f - 8. Determine j(f).
6
Let m(o) = o**3 - 2*o**3 + 6*o**2 + 9 + 6*o + 0*o. Suppose -2220 = 12*w - 0*w. Let f = -178 - w. Calculate m(f).
2
Suppose 0 = m + 3, 5*z - 515*m + 518*m + 19 = 0. Let v(g) = -12*g**3 - 5*g**2 - 6*g - 3. Give v(z).
85
Let w(h) be the first derivative of h**4 + 2*h**3/3 + h**2 + 2*h + 2574. What is w(-2)?
-26
Let u(c) = 549 - 1648 - c**3 + 7*c**2 + 541 + 554 + 6*c. What is u(8)?
-20
Let n = 1649 - 1177. Let v = n - 463. Let r(m) = m**3 - 10*m**2 + 8*m - 2. Calculate r(v).
-11
Let u(i) = -3*i**2 - 334*i + 2051. Let l be u(6). Let g(a) = -3*a - 177. Determine g(l).
6
Let a(d) = -d**3 + 22*d**2 - 25*d + 71. Let m(s) = -4*s**3 - 34*s**2 - 43*s + 14. Let v be m(-7). Calculate a(v).
-13
Let t = 173 - 169. Let q(m) be the second derivative of m**4/12 - 7*m**3/6 + 4*m**2 + 2*m - 5. Determine q(t).
-4
Let s(u) be the third derivative of -u**4/3 - u**3/3 + 3*u**2. Let j = 33305 + -33309. Calculate s(j).
30
Let j(l) = 2*l - 9. Let m(a) = -12*a + 144. Let f(h) = 7*j(h) + m(h). Calculate f(-30).
21
Let l(z) = z**3 - 20*z**2 + 18*z + 12. Let o be l(19). Let w = o + 11. Suppose 0 = -9*y + w*y + 30. Let x(c) = c**2 - 9*c + 6. Determine x(y).
-12
Let m(o) = o + 37. Suppose 30*a + 734 = -166. What is m(a)?
7
Let x(j) = -17*j - 916. Let s be x(-54). Let b(f) = 6*f**2 - f**2 + 0*f - f - 3*f**2. Give b(s).
6
Suppose 41*t + 108 = -220. Let x(w) = 2*w + 1. Give x(t).
-15
Suppose -13*f + 17*f - 2*p - 22 = 0, -2*f - 3*p + 31 = 0. Let m(i) = -3*i + 0 + 0*i + f*i - 2 - 3. Determine m(0).
-5
Let a(f) = 0*f**2 + 3*f**2 - 6 - 23 + 49 - f + 4*f. Calculate a(-8).
188
Let y(d) = -d**3 - 6*d**2 - 6*d - 1. Let h(s) = s**3 - 19*s**2 + 34*s - 19. Let n be h(17). Let b be 4 - (-13)/(52/(-72)). Let g = n - b. Determine y(g).
4
Let h(z) = -11*z**2 + z + 4. Let i(l) = 20*l**2 - 3*l - 7. Let s(n) = 2*n - 30. Let u be s(12). Let o(p) = u*i(p) - 11*h(p). Calculate o(-6).
-8
Let a(c) = -11*c - 1. Suppose 62*i = 22*i - 120. Let y(k) = -2*k - 11. Let n(v) = 2*v + 12. Let m(g) = -4*n(g) - 5*y(g). Let w be m(i). Determine a(w).
-12
Let q(u) be the third derivative of -u**6/120 - u**5/12 + u**4/12 + u**3/3 - 348*u**2. Calculate q(-6).
26
Suppose -1415 = 29*a + 383. Let z be (-2)/(-20) - a/(-20). Let f(w) = 2*w**2 + 6*w + 7. Calculate f(z).
7
Let v(s) = 4 + 9 - s - 6 + s**3. Suppose -363*z = -360*z. Calculate v(z).
7
Let l(d) = -4*d - 5. Let z = -2877 + 2874. Determine l(z).
7
Let p(l) = 3*l - 3. Suppose 2*w - 4 - 2 = 0, -2*m - 30 = -4*w. Let y be 6/4*(-6)/m + 2. Let q(d) = -2*d**2 + 4*d + 2. Let g be q(y). What is p(g)?
-15
Let i = 0 + 6. Let n(g) be the first derivative of g**4/4 - 7*g**3/3 + 5*g**2 - 9*g + 49. Calculate n(i).
15
Let c(b) be the third derivative of b**5/60 + b**4/24 + 2*b**3/3 + b**2 - 349*b. Determine c(-2).
6
Let d(v) = 234*v - 1637. Let x be d(7). Let b(w) = -w**2 - 6*w + 10. Let s be b(-7). Let c(j) = 3*j + 2*j**2 + 0*j - 4*j + 6*j**s. What is c(x)?
7
Let c(z) = -z**3 + z**2 - z + 2. Let s be c(2). Suppose -14*y = -6*y - 32. Let d(m) = -10*m + 7*m + m - y + 4*m. Calculate d(s).
-12
Let v(d) = -37*d**2 + 35*d + 311. Let j(n) = 17*n**2 - 18*n - 154. Let m(h) = 13*j(h) + 6*v(h). What is m(-14)?
4
Let c(n) = n**2 + n - 1. Suppose 0 = 2*l - 2, -i - 1 = 3*l + 2*l. Let b be 2 + (i - (-8 + 6)). Determine c(b).
1
Let x be 1*3 + 1 + (-4 - -2). Let y(f) = 5*f**x - 9 + f**3 + 0*f - 13*f + 6*f. Let u be (-3 - 1) + -2 + 0. What is y(u)?
-3
Let w(n) = 35*n - 205. Let v be w(6). Let g(y) = -2*y**3 + 6*y**2 + 4*y - 6. Determine g(v).
-86
Let t(f) = 8*f - 63. Let v(w) = 9*w - 84. Let h(i) = 6*t(i) - 5*v(i). Calculate h(-7).
21
Suppose 3*j + 6 - 21 = -4*t, 0 = -t - 4*j + 20. Suppose 3*w - 2*z = 3, 4*w = -t*w - 3*z + 4. Let f(x) = 14*x**2 - x + 1. Give f(w).
14
Let h(f) = 9*f + 61. Suppose 3*k + 23 = 2*x, k + 3*x + 4 + 0 = 0. Determine h(k).
-2
Let m(w) be the second derivative of -4*w**3/3 + 3*w**2/2 + 141*w. Let r be 6/(-27) - (-44)/36. What is m(r)?
-5
Let c(p) = -3*p + 7. Let z = 1195 + -1201. Give c(z).
25
Let z(c) = -46 + 93*c + 45 + 95*c - 278*c + 93*c. Let b(x) = x**3 - 4*x**2 - 6*x + 7. Let d be b(5). Suppose g - 1 = d*g. What is z(g)?
-4
Let o(q) be the second derivative of 9/2*q**2 + 0 + 1/12*q**4 + 0*q**3 - 36*q. Give o(0).
9
Let o(j) = -68*j - 830 + j**3 + 71*j + 832 - j**2. Give o(-2).
-16
Let c(b) = -17*b - 3. Let k = 126 + -123. Suppose -324 = -5*a + k*p + 127, 4*a - 371 = -p. Let i = -94 + a. Calculate c(i).
31
Let d(n) = 2*n**2 - 15*n - 64. Let r = 5282 + -5272. Give d(r).
-14
Let j(r) = -r**3 - 5*r**2 + 11*r - 10. Let n(s) = 19*s + 506. Let h be n(-27). Calculate j(h).
11
Let h be ((-58)/(-6))/(8/24). Suppose -h = -r - 24. Let z(g) = g**2 - 3*g - 4. Determine z(r).
6
Let c(s) = -3 - 17*s + 24*s + 1 - 14*s**3 - 6*s + s**2. Suppose 2*d = 0, -5*d = 27*l - 29*l + 2. Give c(l).
-14
Let l(z) = -47*z + 8. Let a(y) = 36*y - 8. Let k(v) = -4*a(v) - 3*l(v). Give k(14).
-34
Suppose 4*p = -y + 2*p - 6, 3*y + 4*p + 8 = 0. Let d(w) = -17833*w + 17836*w - 2*w**2 - w**3 + 4 + 3*w**2 + 3*w**2. What is d(y)?
16
Let m(h) = h**2 - 5*h + 5. Let z be m(4). Let s(o) = 6*o**2 - 1. Let x be s(z). Let c(k) = -k**2 + 3*k + 4. Give c(x).
-6
Let s(b) = -43*b**3 - b**2 - 5*b - 4. Let d be (-24 - 276/(-12))*(2 - 3/3). Determine s(d).
43
Suppose -195*g - 454*g + 709 = 60. Let t(b) = -5*b + 1. Let z(d) = -10*d + 2. Let j(m) = -9*t(m) + 4*z(m). Give j(g).
4
Let f(a) = 15*a - 201. Let t be f(13). Let b(g) = g**3 + 8*g**2 + 4*g + 5. What is b(t)?
53
Let c(i) be the second derivative of -i**4/3 - 65*i**3/6 - 34*i**2 + i - 507. Determine c(-15).
7
Let f(o) be the third derivative of -1 + 38*o**2 + o**3 - 1/24*o**4 - 1/60*o**5 + 0*o. What is f(-5)?
-14
Suppose -4 = -2*x, -3*s - 3*x + 4*x + 19 = 0. Let c(d) = -s*d + 21 + 17*d + d**2 - 2*d**2 - 11. Give c(11).
-1
Let b(q) = -117812*q + q**3 - 117828*q - 4 + 235654*q - 15*q**2. What is b(14)?
-4
Let a(l) = 65829 - 42*l + 31*l - 65351. What is a(44)?
-6
Let n(w) = 20*w**2 - 2*w + 2. Let q be n(1). Let k(u) = -1 + 5 + q*u - 23*u. Calculate k(-6).
22
Let b(y) = -2*y + 4 + 0*y - 150*y**2 - 146*y**2 - y**3 - 9*y + 303*y**2. What is b(4)?
8
Let m(n) = 0 - 7*n + 1 - 3. Suppose -1772*p = -2*s - 1768*p + 28, -3*s + 4*p + 24 = 0. Give m(s).
26
Suppose -3 - 3 = 2*h. Let s(x) = -24*x - 11. Let a(o) = -11*o - 5. Let g(z) = 9*a(z) - 4*s(z). Give g(h).
8
Let a(d) = -52 + 65 + 7*d**2 - 20 + 8*d + d**3. Determine a(-5).
3
Let n(d) = -4*d + 2. Let q(l) = -30*l - 126. Let k(c) = 7*c + 32. Let s(a) = 9*k(a) + 2*q(a). Suppose 15 = 5*g + 80. Let p be s(g). What is n(p)?
14
Let q = 8267 - 8269. Let l(t) = -10*t + 5. What is l(q)?
25
Let q be 3*(2 - 1) - -5. Let z = -1147 + 1147. Suppose z = -2*l + s - 17, 4*s - 6*s - q = 3*l. Let o(j) = j**3 + 7*j**2 + 5*j - 3. Give o(l).
3
Let o(h) = -5 + 6*h - 11*h + 1 - h + 4*h. Let r be (14/(-35))/((-2)/10). Suppose -2*x = -u + 10, -u = -x + r*x + 5. Determine o(x).
6
Let q(p) = -5 - 83 + 15*p + 66 - p**2 - 3. What is q(15)?
-25
Let b(h) be the first derivative of h**4/4 - 2*h**3 + 2*h**2 - 8*h - 267. Let c be 2*(27/6)/(-1). Let d be (-20)/6*c/5. Give b(d).
16
Suppose 17*v - 122 = 31. Let k(u) = 10*u - 39*u + 14 + 10*u + 4*u**2 + v*u - 3*u**2. Give k(9).
5
Let a(o) = -36*o**3 - 359*o**2 + 370*o - 180. Let u(s) = -3*s**3 - 30*s**2 + 30*s - 15. Let m(p) = 2*a(p) - 25*u(p). Give m(-11).
4
Let w = -259 + 255. Let n(j) = 4*j + 3 + 4*j**3 + 2*j**2 + 4 + 0*j. Let u(s) = -s**3 + s**2 - s - 1. Let d(b) = n(b) + 3*u(b). What is d(w)?
16
Let s(a) = -2*a - 77 - 5*a - 28 + 116 + 2*a. Suppose 16*x - 4 = -84. Determine s(x).
36
Let c(i) = -39*i - 9 - 46*i + i**2 - 49*i + 173*i - 43*i. Suppose 2*j - 10 = -0*j. Calculate c(j).
-4
Let a(y) = -11 + 14